t -b8c798 (base 14) to base 7.
-104122251
What is -253a4 (base 11) in base 6?
-440330
What is -989167 (base 11) in base 4?
-12001130020
What is 1231202320 (base 4) in base 8?
1554270
111011000111010010 (base 2) to base 5
30222010
Convert 11020202002 (base 3) to base 8.
243300
-1d910a (base 16) to base 5
-444001144
What is 284190 (base 14) in base 13?
39a81b
What is 20232113301 (base 4) in base 12?
923669
What is 6a0fa (base 16) in base 13?
122975
What is -604b5b (base 14) in base 4?
-30113003131
What is 231313102 (base 4) in base 2?
101101110111010010
Convert -820d40 (base 15) to base 9.
-12557276
Convert 723603 (base 8) to base 3.
110011112001
2244233 (base 9) to base 5
302212312
10221011221 (base 3) to base 10
77407
What is 1adff3 (base 16) in base 15?
24bccc
-1653747 (base 8) to base 3
-220110011021
Convert -8b1a7 (base 13) to base 2.
-111101110000100001
What is -11111012022 (base 3) in base 15?
-1b2a2
-7553552 (base 10) to base 16
-734210
What is -2015282 (base 10) in base 6?
-111110002
What is 312323310 (base 4) in base 13?
7b558
-48474 (base 9) to base 12
-16957
What is -491aa (base 13) in base 2?
-100000110010110110
What is -101000001111101010 (base 2) in base 7?
-1254406
Convert 1635632 (base 8) to base 6.
14054254
12c226b (base 15) to base 4
303211303100
bed6e (base 15) to base 4
2110032302
-101010011010000101011 (base 2) to base 8
-5232053
What is -111100101010110010110 (base 2) in base 12?
-7ba55a
362051 (base 9) to base 3
102002001201
Convert -1439838 (base 11) to base 15.
-33c9a1
-472693 (base 10) to base 15
-950cd
What is -4a975 (base 13) in base 9?
-230055
What is -1001011000110000 (base 2) in base 8?
-113060
What is -8dd071 (base 14) in base 12?
-1753777
727315 (base 10) to base 2
10110001100100010011
What is -46902 (base 10) in base 2?
-1011011100110110
Convert -26a593 (base 11) to base 2.
-1100111100000011101
What is dbb283 (base 14) in base 16?
7199f3
-510421 (base 8) to base 9
-275658
658686 (base 11) to base 15
15b604
-21a3 (base 14) to base 16
-16c3
What is -35a1d (base 14) in base 3?
-20122122012
1022022334 (base 5) to base 3
11000211120110
What is 122312003 (base 4) in base 9?
176742
What is -17a585 (base 13) in base 2?
-10010001000011100000
What is 214334 (base 6) in base 11?
12450
-136441440 (base 7) to base 8
-42316543
What is 3054221 (base 8) in base 14?
170c13
522318 (base 12) to base 5
312231130
100010101000001011 (base 2) to base 7
1130341
Convert 1212221120 (base 4) to base 13.
1194a7
111010111010010100 (base 2) to base 7
2023333
Convert -100111001000100010011 (base 2) to base 12.
-51a103
Convert 41661 (base 12) to base 3.
11100102201
1110001110011010101 (base 2) to base 8
1616325
-297153 (base 13) to base 16
-f7dd3
Convert 101010110100111010101 (base 2) to base 5.
324401344
31345255 (base 6) to base 13
261011
-1133200030 (base 5) to base 16
-282661
What is 1185042 (base 11) in base 4?
13312003321
Convert -130268 (base 9) to base 15.
-185db
d1aaf (base 16) to base 11
537257
779963 (base 10) to base 3
1110121220112
Convert 22012211221101 (base 3) to base 13.
b9b735
Convert 7f243 (base 16) to base 8.
1771103
Convert 751984 (base 16) to base 3.
112102220002021
Convert 6325025 (base 7) to base 14.
15c015
-36a86 (base 14) to base 8
-405236
What is -a4aa22 (base 12) in base 13?
-6c8b67
What is 372a9 (base 15) in base 5?
21113414
What is 6db0b1 (base 16) in base 15?
96ee8c
-115442 (base 6) to base 2
-10100001010010
What is -805795 (base 10) in base 3?
-1111221100021
What is -125c43 (base 14) in base 16?
-9a003
What is 112343 (base 8) in base 3?
1221021200
Convert -32130230 (base 4) to base 3.
-10000011212
Convert -543315 (base 7) to base 10.
-94827
-6149b (base 13) to base 14
-4778b
Convert 282d53 (base 16) to base 11.
1539276
What is -2003 (base 14) in base 10?
-5491
What is 5021250 (base 7) in base 14?
116427
What is 442111303 (base 5) in base 16?
1d25bb
529990 (base 14) to base 8
12516132
Convert -5662 (base 9) to base 16.
-105b
-3301142433 (base 5) to base 16
-6b9e44
What is 221312101 (base 4) in base 11?
107867
What is -70a23b (base 12) in base 4?
-12231203033
Convert 12421a (base 12) to base 2.
1001000101000110110
-11100322 (base 5) to base 8
-275302
What is -10341102 (base 5) in base 6?
-1533212
What is 352626 (base 11) in base 12?
22bb3a
22011022102001 (base 3) to base 9
8138361
Convert da90c (base 15) to base 5.
134201122
Convert -1468dd (base 14) to base 13.
-1bb066
What is -502441 (base 9) in base 14?
-7a38c
Convert -3b17a (base 16) to base 5.
-30221132
Convert -555513 (base 9) to base 16.
-51150
What is 523440 (base 7) in base 13?
32010
Convert 20022101000 (base 3) to base 13.
446bb
6656421 (base 8) to base 13
4aa32c
3da84 (base 14) to base 10
152996
Convert -c95e5d (base 16) to base 10.
-13196893
Convert 15555a (base 12) to base 2.
1011000010111010110
Convert 1121101202 (base 3) to base 5.
2003022
Convert -54803 (base 10) to base 2.
-1101011000010011
Convert 42409 (base 14) to base 3.
22010101220
13202200 (base 4) to base 10
30880
-101000111001001111101 (base 2) to base 16
-14727d
Convert -20111210120022 (base 3) to base 8.
-15146227
44214103 (base 7) to base 11
2167722
Convert -10332200222 (base 4) to base 2.
-100111110100000101010
Convert -1775662 (base 10) to base 5.
-423310122
103003223 (base 4) to base 8
230353
195066a (base 11) to base 8
14443463
Convert -230a4a4 (base 11) to base 8.
-17322767
What is 102011022022 (base 3) in base 11?
140035
Convert -1102321032 (base 4) to base 6.
-11135530
What is -58a0 (base 15) in base 16?
-4989
What is 16d57b (base 14) in base 10?
805081
Convert -1330b (base 14) to base 9.
-71726
193138 (base 10) to base 15
3c35d
What is aa047b (base 13) in base 9?
7465026
What is 378563 (base 11) in base 16?
91be2
-bb81 (base 15) to base 6
-503521
Convert 9cb906 (base 13) to base 8.
16116157
9b6a9 (base 13) to base 15
589e9
What is 11243414 (base 5) in base 9?
166236
-3132db (base 14) to base 2
-110010101011100100001
-19710a (base 16) to base 10
-1667338
Convert 1197a75 (base 12) to base 6.
201343025
Convert 1f7bd (base 16) to base 9.
215805
212203131 (base 4) to base 2
100110100011011101
Convert c894 (base 13) to base 14.
a205
7834177 (base 10) to base 7
123406111
-45b178 (base 12) to base 9
-2083852
What is -3201430104 (base 5) in base 9?
-13486367
What is 51365 (base 12) in base 11?
72639
23c661 (base 15) to base 11
a6a749
Convert 4e740 (base 16) to base 3.
121022210122
Convert 370146 (base 11) to base 16.
8f053
3762111 (base 8) to base 2
11111110010001001001
What is 341c91 (base 14) in base 16?
1b0b47
-52955a (base 12) to base 2
-100111101110111010110
What is -10010111111010010100 (base 2) in base 9?
-1147474
46352 (base 8) to base 6
231054
Convert -1b3d7 (base 15) to base 13.
-31456
Convert -54066560 (base 8) to base 15.
-1035d37
-1230047 (base 9) to base 10
-669265
Convert -da22 (base 14) to base 7.
-214542
What is 112201213 (base 4) in base 10?
92263
What is 4ba310 (base 15) in base 8?
15657417
What is 35021130 (base 8) in base 10?
7610968
What is 1351455 (base 9) in base 7?
6211466
What is -ac013 (base 13) in base 6?
-10404222
-50450434 (base 7) to base 2
-10000000000101100110001
Convert -4e649 (base 16) to base 7.
-2505100
Convert 17c348 (base 13) to base 9.
1111452
What is -18310 (base 12) in base 14?
-ca84
What is 1585926 (base 10) in base 15?
214d86
What is 892709 (base 10) in base 13?
25343c
-108911 (base 12) to base 3
-111102002111
Convert -35826 (base 16) to base 4.
-311200212
-14343434 (base 5) to base 4
-211112202
Convert -29564 (base 12) to base 2.
-1110000111011100
Convert -3342335 (base 6) to base 15.
-35148
Convert 526441 (base 9) to base 11.
1a4269
What is 58127 (base 12) in base 15?
24d04
What is -2656530 (base 9) in base 3?
-2201220121000
-2a2e5 (base 16) to base 4
-222023211
What is 342a26a (base 11) in base 7?
102004644
What is 10011000111101100100000 (base 2) in base 10?
5012256
What is 26ca30 (base 13) in base 12?
3951b9
What is 37243 (base 8) in base 10?
16035
What is 1645257 (base 8) in base 5?
110242441
12121178 (base 9) to base 15
7bdb38
Convert 13420442 (base 5) to base 12.
68448
What is -112001312 (base 5) in base 9?
-842135
What is 7c182 (base 16) in base 12?
206196
10202022102 (base 3) to base 14
1ccb6
What is 1121758 (base 11) in base 6?